et r(l) = -4*l**3 + 12*l**2 - 2*l + 35. Let n be r(-9). Suppose 812 = -7*g + n. What is the tens digit of g?
4
Let u(q) = 8*q + 25. Let m be u(5). Suppose -54*i = -m*i + 4543. What is the hundreds digit of i?
4
Suppose 0*s - 19*s = -133. Suppose -326 = s*w - 1208. What is the hundreds digit of w?
1
Suppose 2*h = -s + 56062, 0*h - 56066 = -2*h - 3*s. What is the tens digit of h?
3
Let h = -3491 + 6805. What is the thousands digit of h?
3
Suppose 46521 = 8*u + 4*v - 74487, -v - 30260 = -2*u. What is the units digit of u?
8
Let a(s) = -s**3 - 2*s**2 - s + 2. Let w be a(-2). Suppose 0 = -w*x - z - 0*z + 17, -3*x + 18 = -z. Suppose -x*i = i - 30. What is the units digit of i?
5
Suppose 117*f - 24 = 125*f. What is the units digit of 2799/36*-2*6/f?
1
Suppose -w + 359 = 2*x, -5*w + 3*x = -4*w - 379. Let p = w - -33. What is the units digit of p?
0
Let i(t) = 4*t**2 + 22 + 16 - 48 - 3*t. What is the hundreds digit of i(-9)?
3
Suppose 0 = 27*h - 490387 - 378776 - 374295. What is the units digit of h?
4
Let o be (4 - 3)*((-8)/2 - -4). Suppose -1338 = -2*u - 5*y + 1155, -4*u - 2*y + 4994 = o. What is the units digit of u?
9
Suppose -5*s + 6639 = b, 0 = -b - 7 + 6. Let v = s + -769. What is the hundreds digit of v?
5
Let c(o) = o + 11. Let a be c(5). Suppose 0 = a*d - 0 - 256. What is the units digit of (-3930)/(-16) + 6/d?
6
Let x(q) = -q**3 - 4*q**2 + 5*q + 4. Let f be x(-5). Suppose -d + f = -0*d. Suppose -d*y = -87 - 137. What is the tens digit of y?
5
Suppose -2*q = 10*q - 144. What is the hundreds digit of 7902/q + (-12)/8?
6
Suppose 6*f - 32*f = -468. Let d(y) = y**3 - 12*y**2 - 2*y + 40. What is the thousands digit of d(f)?
1
Let h(j) = 44*j**2 + 40*j - 492. What is the tens digit of h(15)?
0
Let u(g) = 5*g**2 - 3. Let w be u(2). Suppose m + 5 - w = 0. Suppose m*p - 499 = 1949. What is the tens digit of p?
0
Let g(s) = -s**3 - 4*s**2 + 5*s + 7. Suppose 7 + 8 = -3*a. Let p be g(a). What is the units digit of 92/6 - (140/15)/p?
4
Let v(d) = -153*d - 2000. What is the tens digit of v(-53)?
0
Suppose 39*v = 40*v - 15. Let j(i) = 12*i**2 + v*i - 5*i + 4 + 2 + 0*i**2 + i**3. What is the hundreds digit of j(-10)?
1
Suppose 0 = -44*v + 1616109 - 900064 + 937695. What is the thousands digit of v?
7
Let g(y) = 12*y - 623. What is the tens digit of g(74)?
6
Suppose 25043 = 4*y + 3*m - 22328, -m + 47361 = 4*y. What is the thousands digit of y?
1
Let n(p) = -p**2 - p + 3. Let a be n(-3). Let o = 19 - -104. What is the hundreds digit of o + (2 + a - 0)?
1
Suppose -9683*x = -9652*x - 174592. What is the units digit of x?
2
Let a(p) = -5*p + 12. Let s be a(2). Let i(b) = b**2 - 4. Let y be i(s). Suppose y = -2*q - 4*f + 80 + 156, 5*q - 554 = -f. What is the units digit of q?
0
Suppose 14*r + 169824 = 110*r. What is the hundreds digit of r?
7
Suppose 3*i - 5*k = -3 + 30, -3*k - 9 = 0. Let h be (-6 - -4 - -14)/((-8)/(-6)). What is the tens digit of ((-6)/i)/(h/(-840))?
4
Let c(r) = -20*r - 30. Let p(g) = 4*g + 44. Let s be (-2)/(-4)*-26 - (-2 - -2). Let a be p(s). What is the units digit of c(a)?
0
Let w(t) = -2569*t + 2358. What is the tens digit of w(-4)?
3
Suppose -935008 = 139*q - 13*q - 3912766. What is the hundreds digit of q?
6
Suppose 28*g = 29*g - 3, -4*g = 4*s - 60. Let n(x) = 6*x**2 + 5*x + 18. What is the units digit of n(s)?
2
Let u(q) = 8*q**3 - 100*q**2 + 7*q - 55. What is the tens digit of u(24)?
0
Let p be 1233/6*(-2)/(-3). Suppose 138*u - 262 = p*u. What is the tens digit of u?
6
Let h(i) be the first derivative of 33*i**2/2 + 3*i + 42. What is the hundreds digit of h(6)?
2
Suppose 4*t + 5*a + 51 = -20, t + 4*a + 26 = 0. What is the hundreds digit of ((-12)/(-28) - 8/t) + 129?
1
Let s(z) = 256*z - 1546. Let m be s(6). Let k(r) be the third derivative of r**6/120 + 11*r**5/60 + r**4/6 + 4*r**3/3 + r**2. What is the tens digit of k(m)?
6
Let z = -17446 - -35657. What is the hundreds digit of z?
2
Let m = 8390 + -3138. What is the thousands digit of m?
5
Suppose -13 + 59 = 4*l + 3*d, -2*d - 36 = -4*l. What is the units digit of l/(-20)*-3*382?
3
Let b = -12413 + 17956. Suppose -5*d + b - 1743 = 0. Suppose 5*r + 40 = -3*m + d, 0 = -4*r + 2*m + 576. What is the hundreds digit of r?
1
Suppose 0 = 5*p - 7 - 13. Let x(y) = -y**2 + 3*y - 3. Let r be x(p). What is the tens digit of 6 + r - (-1 - 45)?
4
Let q(s) = 6*s**2 - 7*s + 20. Let b be q(3). Let t = -51 + b. Suppose -a - 61 = -o, t*o - 4*a = -o + 178. What is the tens digit of o?
6
Suppose -2*m - p = -11, 3*m - 6 = -5*p + 14. Let u(w) = -w - 12. Let h be u(-14). Suppose m*l - 9 = h*j + 4, 2*l + 14 = 4*j. What is the units digit of j?
6
Let k = -2 - -69. Let d = 216 - k. Suppose -5*v + 109 = 3*i - d, 5*i = -2*v + 107. What is the tens digit of v?
5
Suppose -5*x - 1 = i, -19*x + 24*x - 21 = i. Let l(q) be the second derivative of q**4/6 + 5*q**3/2 - 5*q**2 - q. What is the units digit of l(i)?
7
What is the units digit of (-23145)/35*(-42)/12*2?
9
Let q(k) = k**2 - 7*k. Let c be q(7). Let g be 1 + c - (10 + -82). Suppose s - 79 = 4*t, -t - t + g = s. What is the units digit of s?
5
Let q = -3708 + 3689. Suppose -3*b = 3*f - 78, -3*b + 4*b + 3*f = 32. Let y = b + q. What is the units digit of y?
4
Let w = -12351 - -16128. What is the units digit of w?
7
Let r(d) = 25*d + 978. What is the thousands digit of r(90)?
3
Suppose 54*k + 91 = -125. What is the tens digit of -1*(-4 + k + -396)?
0
Suppose -870 = -7*w - 3*w. Suppose 3*h + w - 723 = 0. What is the units digit of h?
2
Suppose 5*g + 900 = 905. Let t = 473 - g. What is the units digit of t?
2
Let q(d) = 137*d**2 - 28*d + 31. What is the hundreds digit of q(-4)?
3
Suppose 364 = 5*a + 2219. Let o = 464 + a. What is the units digit of o?
3
Let o = 16 + -25. Let u be (o - 5)/((-6)/9). Suppose u*n - 2093 = 8*n. What is the tens digit of n?
6
Let y = -1494 + 1039. Let m = -402 - y. What is the units digit of m?
3
Suppose -27*m = -46*m - 361. Let b(j) = j**3 + 20*j**2 - 6*j + 26. What is the hundreds digit of b(m)?
5
Let j(d) = -9*d**3 - 16*d**2 - 103*d - 3. What is the hundreds digit of j(-15)?
3
What is the thousands digit of 72/(-1476) - (-2712404)/164?
6
What is the ten thousands digit of 3150/(-240)*-302*4?
1
Let g = 57 + -55. Let a be 5*-68*g/(30/(-3)). Let d = a - -10. What is the tens digit of d?
7
What is the thousands digit of (2523/(-2))/((-1)/4)?
5
What is the thousands digit of ((-461814)/(-95))/(((-10)/25)/(-1))?
2
Let o = 9681 - 6741. Suppose -17*h = 11*h - o. What is the hundreds digit of h?
1
Let r(d) = 15100*d**2 + 19*d - 9. What is the tens digit of r(1)?
1
Let o = 16 + -23. Let v be -15*(3 + -5)/6. What is the units digit of (2 - 57)*((o - -1) + v)?
5
Let c = 32566 + -12314. What is the tens digit of c?
5
Let k(d) = -7*d**2 - d + 17114. What is the tens digit of k(0)?
1
Let v(h) = -2217*h + 444. What is the tens digit of v(-8)?
8
Suppose 102194 = 25*i + 12*i. Let k = i + -1546. What is the thousands digit of k?
1
Let i(o) = 270*o**2 - 681*o + 12175. What is the hundreds digit of i(18)?
3
Suppose -2*q + 6936 = 4*p, 1564 = 2*p + 2*q - 1904. What is the thousands digit of p?
1
Let g = -19884 + -3936. What is the units digit of (-1)/((2 - 0)*15/g)?
4
Suppose -62753 = -m - h, -4*m - 3*h = -239117 - 11903. What is the units digit of m?
1
Let j(a) = -8*a - 21. Let x be j(-2). Let f(k) = 41*k**2 + 57*k - 11. What is the units digit of f(x)?
9
Let d(x) = 95*x - 53*x - 18 - 44*x. Let a be d(-10). Suppose -25 = 3*w + 2*w, a*w = -3*t + 272. What is the units digit of t?
4
Let m(t) = -t**2 - 42*t + 91. Suppose -4*w + 143 = -5*r, 0 = -5*r - 0*r - 4*w - 127. What is the hundreds digit of m(r)?
4
Suppose 0 = -b + 2*k + 26626, 0 = 38*b - 30*b + k - 212872. What is the hundreds digit of b?
6
Let k = 576 + 604. What is the units digit of k?
0
Let v = 127 + -24. Suppose 0 = v*p - 110*p + 6727. What is the hundreds digit of p?
9
Suppose -17*z + 70 + 100 = 0. Let b(m) = 47*m - 135. Let h(y) = 70*y - 202. Let o(l) = -7*b(l) + 5*h(l). What is the units digit of o(z)?
5
Let w(m) = m**3 + 6*m**2 - m + 54256. What is the ten thousands digit of w(0)?
5
Let k = -8983 + 16669. Suppose -9*j + 11*j - k = -5*r, -3*j - 1527 = -r. What is the units digit of r?
6
Let j(i) = -65*i - 22. Let a(u) = 25*u + 165. Let z be a(-7). What is the units digit of j(z)?
8
Let c(v) = -